at is the remainder when 2*-2*1*(-315)/36 is divided by q?
2
Suppose -113 = -4*i - 336*a + 339*a, i + 5*a = 57. Let r = 29 + -17. What is the remainder when i is divided by r?
8
Let a(b) = -b**3 - 43*b**2 + 39*b - 183. Let s be a(-44). Suppose -s*w + 42*w = 115. What is the remainder when 130 is divided by w?
15
Suppose l - 3691 = 5*a - 4053, 188 = 2*a - 4*l. Suppose 3*d - 280 = -2*d. Calculate the remainder when a is divided by d.
14
Let a = 7328 - 6999. What is the remainder when a is divided by 207?
122
Suppose -23*i + 455 = -1500. Calculate the remainder when 166 is divided by i.
81
Let b(g) = g**2 + 4*g + 5. Let w be b(-3). Suppose -w*q = 4*n - 5*q - 245, -5*q - 40 = -n. Let l = n - 42. Calculate the remainder when 65 is divided by l.
19
What is the remainder when 8820/18 - 13*1 is divided by 15?
12
Let v = 20 + -61. Let m = v - -75. Calculate the remainder when m is divided by 10.
4
Calculate the remainder when (-2 + -34)/(-9) + 3015 is divided by 159.
157
Let a(i) = -3*i - 23. Let g(n) = n**3 - 6*n**2 - 7*n - 6. Let k be g(7). Let b be a(k). Let y = b - -255. Calculate the remainder when y is divided by 18.
16
Let b = -3506 - -3620. Calculate the remainder when b is divided by 2.
0
Let g = 4346 - 1461. What is the remainder when g is divided by 111?
110
Suppose 0 = 13*j - 11*j + 6. Let i(k) = 3*k + 18. What is the remainder when i(j) is divided by 7?
2
Suppose -53526 = -83*x + 23581. Calculate the remainder when x is divided by 115.
9
Let t be 5/(-3)*(-4 + 1). Suppose -17 = -l - v, 43 = t*l + 2*v - 27. What is the remainder when 41 is divided by l?
5
Let k be (18/4 + -3)*(-40)/(-15). Suppose 47 + k = g. Suppose -f + 5*y + g = 0, -f = 4*f + 5*y - 165. What is the remainder when 142 is divided by f?
34
Let n(y) = -y**2 - 37*y + 3183. Let p(i) = i**3 + i**2 + 37. Calculate the remainder when n(40) is divided by p(0).
29
Let j = 13354 + -1517. What is the remainder when j is divided by 160?
157
Let j = 1936 - -3696. Calculate the remainder when j is divided by 7.
4
Let w(i) = -i + 26. Suppose 0 = 5*k + 15, -3*f = -k - 29 - 4. Suppose f*o - 5*o = 15. What is the remainder when w(6) is divided by o?
2
What is the remainder when (102/85 + 17/(-10))*-66 is divided by 15?
3
Let r(o) = -2*o - 14. Let w be r(-12). Let m be (w/6 + 11/(-33))*96. Let j = 186 - m. What is the remainder when j is divided by 5?
3
Let o(y) = -4*y**2 - 60*y + 536. Calculate the remainder when o(-19) is divided by 82.
68
Suppose -3*u = -0*u - 1692. Suppose 2*w - 376 = -f, -3*w - 2*f + u = f. Calculate the remainder when 3*4/(48/w) is divided by 17.
13
Suppose n - r = 3*r + 2, 37 = n + 3*r. Suppose 4*o - 11*w = -14*w + 160, -5*o + 235 = -5*w. What is the remainder when o is divided by n?
21
Let c(q) = 14*q - 1. Suppose -43 = -o - 3*a, -2*a - 205 = -3*o - 98. Calculate the remainder when o is divided by c(1).
11
Suppose 29*n - 35253 = -12446 + 35280. What is the remainder when n is divided by 84?
71
Suppose j + 5*j - 540 = 0. Let v = -70 + j. What is the remainder when v is divided by (1/(-4))/((34/(-24))/17)?
2
Suppose 5*l = 2*l + 345. Let r(q) = 47*q**2 + 4*q + 2. Let a be r(-3). Suppose 10*s - a = -23. Calculate the remainder when l is divided by s.
37
Suppose 1792 = -32*p - 0*p. What is the remainder when 798 is divided by (120/(-7))/(12/p)?
78
Suppose 4*t = 5*h + 1080, h - 5*h = -2*t + 546. Suppose 0 = 13*i - t + 57. What is the remainder when 25 is divided by i?
9
Let l(c) = -c**2 - 8*c + 15. Let n be l(-10). What is the remainder when (-2928)/(-32) + n/2 is divided by 7?
5
Suppose 2*g = -3*g + 220. Suppose -b - 76 = -5*k, -14*k + 112 = -b - 18*k. Calculate the remainder when g is divided by 6*20*(-8)/b.
4
Suppose 0 = -19*x - 22 - 73. Let a(n) = 5*n**2 + 23*n + 1. Calculate the remainder when 669 is divided by a(x).
9
Suppose 3*l - z + 19 = 0, -l - 5*z + 2 = 19. Calculate the remainder when 2*20*1 - -2 is divided by ((-616)/l)/8*(1 - 0).
9
Let f(x) be the first derivative of -5*x**2/2 + 126*x - 90. Calculate the remainder when f(15) is divided by 36.
15
Let z(v) be the first derivative of 2*v**3 - 7*v**2/2 - 7*v - 3. What is the remainder when z(-4) is divided by 26?
13
Let z = 10744 + -10594. Let j = -2 + 10. Let p = 25 - j. Calculate the remainder when z is divided by p.
14
Let m be 1/(-1)*(116 + -2). Let v = m - -171. Calculate the remainder when 220 is divided by v.
49
Suppose -47*d + 11371 = 2723. What is the remainder when d is divided by 114?
70
Let h(k) = -54 + 17 - 16*k - 11 + 2*k. Calculate the remainder when 393 is divided by h(-6).
33
Let r(v) = v**2 - 7*v - 11. Let f = 18 + -50. Let k = -22 - f. What is the remainder when 71 is divided by r(k)?
14
Let v be 5/(15/162) - 6. What is the remainder when 47 is divided by (-6*1)/((-18)/v*2)?
7
Let y = -111 - -142. Suppose -3*x = -3*c + 42, 4*x - y = -2*c + 3*x. Calculate the remainder when 43 is divided by c.
13
Let p(n) = 5*n - 148. Let i(c) = 2*c**3 - 5*c**2 - 5*c + 7. Let d be i(4). Calculate the remainder when 105 is divided by p(d).
24
Let k = -136 + 244. Suppose -k + 16 = -2*n. Let z = -44 + n. What is the remainder when 17 is divided by z?
1
Suppose -4*x - 96 = -8*x + 4*g, -5*g = -25. Calculate the remainder when ((-87)/6 - (-14 - -2))/(1/(-16)) is divided by x.
11
Suppose -2*i = 3*n + i - 150, -3*i = -4*n + 165. What is the remainder when 1343 is divided by n?
38
Suppose -33*k + 7*k + 3200 = 2576. Calculate the remainder when 38 is divided by k.
14
Let f be (-5)/(-20)*-4 + 1*451. Suppose -122 + f = 2*v. What is the remainder when 46 is divided by 6/21 - v/(-14)?
10
Suppose -7*k + 105 = -2*k. Let q = -777 - -821. Calculate the remainder when q is divided by k.
2
Let z(d) = 19*d + 721. What is the remainder when z(65) is divided by 7?
3
Let a be 2*5/(-2)*15/3. Let b be 118/(2 + -5 + 1). Let y = a - b. What is the remainder when y is divided by 6?
4
Let d(g) = 3*g + 25. Let v be d(-7). Let l be (-31)/(-11) - v/(-22). Calculate the remainder when 77 is divided by 13/((-78)/(-80))*l/1.
37
Let u = -1247 + 1751. Calculate the remainder when u is divided by 35.
14
Let s(l) = -l**3 + 23*l**2 + 22*l + 53. Let g be s(24). Suppose -170 = -2*t + g*q - q, 4*q - 4 = 0. Calculate the remainder when t is divided by 22.
21
Let m be ((-312)/(-20))/(4 + 415/(-100)). Let z = 138 + m. Calculate the remainder when 135 is divided by z.
33
Suppose -3*b + 116 = v, -v - v + 2*b + 256 = 0. Suppose 4*d = 47 + v. What is the remainder when d is divided by 23 + -17 + (-6)/5 + 459/45?
13
Let m = -164 - -229. Suppose -m*d = -61*d - 56. Calculate the remainder when 24 is divided by d.
10
Suppose 4*q - 3*q - l - 71 = 0, -315 = -5*q - 5*l. Let c = q + -52. What is the remainder when c is divided by 4?
3
Suppose 0 = 2*c - 3*j - 69, 4*j + 33 = 13. Suppose t + t - 4 = 0. What is the remainder when (t*2)/(2/36) is divided by c?
18
Let d = -1740 - -1769. Suppose 3*s - 10 + 4 = 0. Suppose 5*h - 34 = -2*x, -2*h - s*x + 16 = -0. Calculate the remainder when d is divided by h.
5
Let j = 49 - 16. Let c = j + -26. Suppose -c = x - 35. What is the remainder when x is divided by 15?
13
Let q be (-8 + 5 - -1)*-8. Suppose h = q + 25. Calculate the remainder when h is divided by (-2)/4 + (-360)/(-16).
19
Let v = 470 + -343. Suppose 134*x - v*x - 1386 = 0. What is the remainder when x is divided by 20?
18
Let s(g) = g**3 + 2*g**2 - 2*g + 7. Let p be s(-3). Suppose p*h = 15*h - 297. What is the remainder when 457 is divided by h?
25
Let o(h) = 21*h**2 + 52*h + 165. What is the remainder when 988 is divided by o(-3)?
196
Let j be 89 + -2 - 140/28. What is the remainder when 2*5/(10/j) is divided by 24?
10
Let k(i) = 84*i - 53. Let t be k(2). Suppose 4*c - 5*g = t + 21, 4*c - 136 = -4*g. Calculate the remainder when 304 is divided by c.
32
Suppose -3*l = l - 5*p - 882, 4*p = -5*l + 1123. Let c = l + 354. Suppose 287 = 2*k - h, -k + 5*k - 5*h = c. Calculate the remainder when k is divided by 24.
23
Suppose 3*n - 2218 = -5*q + 3*q, -n - 5494 = -5*q. Calculate the remainder when q is divided by 21.
8
Suppose -71 = -t - 18. Let u(v) = 11*v**2 + 406*v - 406. Calculate the remainder when t is divided by u(1).
9
Let l(a) = 4*a**3 - 7*a**2 - 12*a + 27. Let y(i) = 2*i**3 - 4*i**2 - 6*i + 14. Let x(j) = 6*l(j) - 11*y(j). Calculate the remainder when x(2) is divided